value of (-6 - (-3 - (0 + -2))) + 0?
-5
Calculate -4 - (3 - (4 + 2 + -2)).
-3
-13 + (-7 - -9) - -2
-9
3 + -6 - (-2 - 5 - -1)
3
Evaluate 0 + 2 + 1 + 1.
4
Calculate 6 - 5 - (7 + -3).
-3
What is -69 + 69 + (0 - 0 - -2)?
2
Calculate -2 - (-1 + -3) - 2.
0
-4 - (3 - 3) - -1
-3
What is the value of -2 - 0 - (8 + -2 + -9)?
1
Calculate 0 - 5 - (-11 - -2).
4
Evaluate 1 + -9 + 9 + 2 + -4.
-1
3 - (3 + (2 - 4 - -3))
-1
What is (-1 - (-2 - 0 - 2)) + -8?
-5
What is (10 - 10) + (0 - 0)?
0
Calculate 6 - (2 + (11 - 6)) - -5.
4
What is the value of 19 + -23 + (2 - 0 - 0)?
-2
Calculate 20 - 19 - (1 - 1).
1
Calculate -57 - -53 - (1 - 9).
4
What is 1 + (19 - 11) - 7?
2
Evaluate 5 - (-2 + 0 + 2).
5
Calculate (9 - 10) + (1 - (2 - -5)).
-7
(-7 - -2) + 7 + 0 - -5
7
Calculate (-5 - -3) + 5 - -2.
5
Calculate -22 - -21 - (-1 + -1 - -3).
-2
Calculate (6 - 19) + 6 + 8.
1
Evaluate -1 - -2 - ((5 - 0) + -5).
1
What is the value of -6 + 1 - -3 - 0 - 0?
-2
Evaluate -2 + 14 + (-29 - -16).
-1
What is the value of -2 - (10 + -4 - (3 - 0))?
-5
What is the value of (-6 - (9 + -13)) + 0?
-2
Evaluate -3 + -1 - (-9 + (2 - -5)).
-2
(5 - (-1 - -4)) + -1
1
What is (14 - 10) + -7 + 2?
-1
What is -1 - (11 - 7 - 5)?
0
Calculate 1 + 0 + (3 + -11 - -6).
-1
What is 9 - 12 - (5 - 3) - -9?
4
What is (-5 - (5 - 18)) + -5?
3
Calculate (-3 - 3) + -2 - -5.
-3
What is -6 + 8 + (3 - 3) - -1?
3
What is 23 - 31 - (0 + (2 - 4))?
-6
Evaluate 5 + -1 + -2 + 2 + -8.
-4
Calculate 14 - ((3 + 3 - 4) + 5).
7
What is 2 + 5 - (-2 - -5)?
4
-2 - -2 - (12 + -7)
-5
Calculate -3 - (-5 - (-1 - 2)).
-1
What is 7 + -2 - (47 - 44)?
2
(-21 + 10 - (-3 + 0)) + 4
-4
What is -1 + (2 - (-3 + -1) - -2)?
7
-6 + 10 + 0 + 1 + -3
2
What is the value of -2 + 1 - (11 + -7)?
-5
What is the value of (-6 - (6 - 7)) + 3?
-2
(4 - (0 - -1)) + -21 + 23
5
Calculate -4 - (2 + 1) - (-7 - -6).
-6
What is the value of -4 + 5 + -1 + -4?
-4
Evaluate -3 + 1 + -3 + -1 + 1.
-5
What is -2 + -1 + (-5 - 1) + 6?
-3
Evaluate (1 - -4) + (12 - 9).
8
What is the value of 11 + 1 + (200 - 205)?
7
What is the value of (0 - -5) + -6 + 1 - -4?
4
Evaluate (1 - -1) + -5 + (-8 - -10).
-1
What is the value of -3 - (-4 + (1 - 0))?
0
What is -8 + (-5 - -5) + 2?
-6
What is the value of 0 - (-3 - 4 - -4)?
3
0 + (-2 + 1 - 0)
-1
0 - (-2 + (4 - 6))
4
-1 + 4 + (5 - 3)
5
What is the value of (-11 - (-29 + 15)) + (0 - -3)?
6
(15 - 26) + (0 - -8)
-3
Calculate 5 - 3 - (-2 + 2).
2
Evaluate (-5 - ((-7 - -2) + -2)) + -9.
-7
Calculate -3 + (-4 - (2 - 6)) + 8.
5
(-4 - 4) + 1 + 2
-5
What is -5 + -5 + 18 + -6?
2
What is the value of (-5 - (-5 - -6)) + 6?
0
1 - (-9 - (-8 - -1)) - 7
-4
What is the value of 3 - (7 - (9 - 5 - 8))?
-8
What is the value of 1 + -1 + (-5 - -4) + 0?
-1
What is the value of -9 - (-1 - 8 - 11)?
11
Evaluate 1 + -5 - (2 - 10).
4
(-3 - 1 - -8 - 3) + -2
-1
(3 - -2) + -7 + 7
5
What is the value of -8 + 9 + (7 - 7)?
1
What is the value of 0 + (6 - 3) + -1 - -3?
5
What is (0 + 2 + -4 - -3) + 4?
5
What is the value of (-11 - (9 + -17)) + 6?
3
What is the value of 23 - 18 - (-2 - (-8 - -1))?
0
Calculate 7 + -13 - -2 - (-1 + -1).
-2
Evaluate (-1 + 3 - (-19 + 23)) + 6.
4
Calculate (-3 - -4 - -1 - -1) + -4.
-1
Evaluate -1 - 6 - (5 - 4).
-8
What is the value of (5 - 2) + (5 - 6)?
2
What is the value of (-3 - 6) + -2 - -7?
-4
Evaluate (-4 - (3 - 8)) + -2 + 0.
-1
5 - (12 + 7 + -12)
-2
What is the value of 1 + (3 - (0 - 1)) + -2?
3
Evaluate 1 - 5 - (3 + -3 - 8).
4
What is the value of 0 + 4 - ((17 - 10) + -6)?
3
Evaluate -4 - -5 - (3 - -1).
-3
-6 + 3 + (-4 - -2)
-5
What is -3 + (0 - 2 - 6) + 7?
-4
Calculate 0 - ((-1 - (-2 + -1)) + -2).
0
Calculate -1 - (6 - (-1 - -4)).
-4
What is the value of -15 - (0 - (2 + 2 + 2))?
-9
What is the value of -23 + 25 + (0 - -7)?
9
(2 - ((2 - -2) + -9)) + -1
6
Calculate 0 + (0 - (-4 + 8)).
-4
Evaluate (7 - (1 + (2 - 2))) + 2.
8
What is the value of 7 + 2 + -7 - (11 - 3)?
-6
Calculate 3 + 1 + -7 + 2.
-1
What is 5 + (-2 + 0 - -3)?
6
What is the value of 10 - (57 + -63 - (-10 - 1))?
5
What is -1 + 8 + (-9 + -6 - -10)?
2
Evaluate -2 + (5 - 0) + (18 - 24).
-3
Evaluate 3 - 2 - (-6 - -12).
-5
4 - (4 - (6 + (5 - 8)))
3
What is the value of (0 - -1) + (2 - 7 - -8)?
4
What is -1 + 0 + 5 - (-3 - -6)?
1
8 + -5 + -4 - -4
3
What is (1 - 1) + (-1 - -4) - -1?
4
Calculate 2 - (2 + -2) - (-28 + 34).
-4
What is the value of -6 + -2 + 6 - -3?
1
What is -6 - (-4 + 2 + 6 + -8)?
-2
Calculate 3 + (2 - 4) + 2.
3
What is the value of (3 - -1) + -1 - -2?
5
Evaluate -13 - (0 + -4) - -4.
-5
-3 + 2 - (-8 + -1 + 7)
1
1 - (-5 - -1) - (12 - 3)
-4
Calculate -4 + -2 + 1 + 9 - -2.
6
What is the value of -10 - (-10 + -4 + 10)?
-6
Calculate (0 - (3 + -1)) + (-5 - -9).
2
(-3 - -2 - (1 - 5)) + -8
-5
Evaluate -7 + 5 - ((-1 - 2) + 3).
-2
-2 - ((-3 - 0 - 5) + 4)
2
What is the value of -21 + 22 - (-1 - 0)?
2
Calculate 2 - (3 - (0 - -1)).
0
What is the value of 3 - -13 - 11 - -4?
9
What is -3 - ((0 - 1) + 2 + 1)?
-5
Calculate 4 - (4 + -9 + 4 - -10).
-5
Evaluate 8 + -16 + (14 - 2).
4
Calculate 6 + -1 + -7 + 7.
5
Evaluate (3 - (-4 + 3 - -4)) + 2.
2
What is -3 + 2 + 0 + -7 + 1?
-7
Evaluate -8 + 3 + (3 + -1 - 0).
-3
5 - (-4 + 7 + 7) - -2
-3
-12 - -15 - (0 - -2)
1
What is the value of 0 - (-3 - (1 + -2))?
2
What is -2 + (0 - (5 - 4))?
-3
Calculate -3 - (13 + 6 + -33).
11
-3 - (6 - 6) - (1 - 0)
-4
(2 - (5 + -5 - 5)) + 1
8
-1 + 7 + -4 + -11 + 7
-2
Evaluate -2 + 3 + -4 - (10 - 14).
1
What is 0 + -2 + -1 - (0 + -5)?
2
What is (-2 - ((5 - 2) + -5)) + 0?
0
2 + 2 - (-8 - -20)
-8
Evaluate (-5 - 2 - 0) + 4.
-3
Calculate (6 - (11 - -6)) + 10.
-1
What is the value of -6 - (-2 + 8 + -16)?
4
What is (-1 - (2 - -3 - 3)) + 6?
3
What is 2 + 0 + 1 + -3 + 1?
1
What is the value of -3 + (-1 - -2 - 0)?
-2
7 - 2 - (3 - (-1 + 1))
2
Evaluate -2 + 0 + -9 + 5.
-6
1 + -2 + 6 - (-7 + 12)
0
What is 3 - (-7 - -11 - -4)?
-5
Evaluate -8 + ((-5 - -2) + -1 - -10).
-2
Calculate -2 - 1 - 1 - (-2 - 0).
-2
Evaluate (-4 - -6) + 0 - -2.
4
Evaluate (4 - 1) + (-1 - (7 - 3)).
-2
-1 - 0 - ((23 - 13) + -7)
-4
What is (0 - -7) + -1 + -6?
0
What is -10 + 5 + -4 + -1 + 6?
-4
What is the value of (8 - 4) + (0 - (2 + -1))?
3
13 - (10 - 5 - -10)
-2
Calculate -4 + (-5 - (-3 - 1)).
-5
Calculate 3 + (5 - 0 - 3).
5
(-1 - 1) + 2 + 4
4
Calculate 3 + 2 + -8 + -3.
-6
2 + 1 - (3 + -7 + 4)
3
What is (3 + 1 - 3) + -4 - -6?
3
Calculate -2 - -4 - 5 - (12 - 20).
5
What is (-3 - -6) + 0 + 0?
3
(4 - 3) + (14 - 14)
1
What is the value of -1 + -7 + 4 + 6?
2
What is -1 + (4 - (-1 + 1))?
3
What is the value of -6 - 0 - (-9 + 4)?
-1
(-1 - -5) + -4 + -12 + 4
-8
What is 3 - ((1 - -4) + -1)?
-1
Calculate 1 + (4 - 4) + 2 + -1.
2
What is the value of 0 + (1 - 1 - -3 - -4)?
7
What is -1 - -4 - (-7 + -4 + 8)?
6
(1 + 0 + -4 - 1) + 6
2
Calculate 12 + (5 - -3 - 16).
4
Calculate 0 - (-2 - 1) - 2.
1
0 - 2 - (-14 + 2 + 7)
3
Calculate -5 + 0 + -2 - (0 + -3).
-4
3 + -10 + 3 - -1
-3
What is the value of -1 + 1 - (-11 + 3 + 4)?
4
What is the value of -3 + -4 + (11 - 8)?
-4
1 - (-4 - (-1 + -1 - 0))
3
Evaluate -1 + (-2 + -5 - -3) + 8.
3
12 + -2 + 2 + -19
-7
What is -6 + (-2 + -1 - -5)?
-4
Evaluate (6 - 10) + 1 + (-4 - 1).
-8
What is the value of -19 + 1 - ((-27 - -9) + 10)?
-10
Calculate 5 - (-6 + 10 + -2 + -4).
7
What is the value of -30 - -33 - (0 - 1)?
4
Evaluate (-4 - -3 - -4) + -2.
1
What is 23 - 9 - (-2 - -16)?
0
4 + 1 - (5 + -1) - 5
-4
Calculate (4 + -4 - 3) + -3 + 5.
-1
What is the value of -10 - 0 - (-50 - -43)?
-3
Calculate (0 + 0 - 0) + -4.
-4
Evaluate 9 - 19 - -10 - -6.
6
Evaluate 6 + (-5 - (-2 + -8 + 3)).
8
(0 - 4 - (24 + -21)) + 6
-1
What is the value of -1 + 2 + (-10 - (-4 - 6))?
1
17 + -6 + -6 + 0
5
What is 8 + -13 - (-10 - -1)?
4
-10 + 14 - (2 + (0 - -10))
-8
What is the value of -1 - (4 + 2 + 3 + -5)?
-5
11 - 3 - 2 - (1 - 0)
5
Calculate -2 + -6 + (-6 - -1) + 9.
-4
What is -4 - 1 - (-7 + -3 + 7)?
-2
Evaluate -1 + -2 - (3 - (-6 + 8)).
-4
What is the value of -5 + -3 + 7 + -3?
-4
What is -3 - (-2 + 7 - (2 - 2))?
-8
(-10 - 3) + 4 - -4
-5
What is the value of 8 - -2 - (16 - 3)?
-3
What is -1 - 7 - (166 + -167)?
-7
Evaluate (-5 - 2) + 4 + 9 + -8.
-2
Calculate -2 + 1 + -4 - (6 - 7).
-4
What is (3 - (1 - -3)) + 0?
-1
Evaluate (16 - 7) + -12 + 1.
-2
Evaluate -2 + (0 - -2 - (9 + -8)).
-1
Calculate 17 - (5 + -5 + 6) - 6.
5
What is the value of -10 + 11 + -1 + 3?
3
Evaluate 1 -